 digit of 1533159919?
9
What is the hundred thousands digit of 116607342?
6
What is the hundred millions digit of 5905445579?
9
What is the ten millions digit of 17438451?
1
What is the ten thousands digit of 349793917?
9
What is the millions digit of 249539311?
9
What is the billions digit of 2058076070?
2
What is the hundred thousands digit of 7870046?
8
What is the tens digit of 117364227?
2
What is the thousands digit of 5407625734?
5
What is the tens digit of 2858412903?
0
What is the units digit of 890197194?
4
What is the ten thousands digit of 258552132?
5
What is the hundred thousands digit of 31376158?
3
What is the tens digit of 1267368317?
1
What is the hundred millions digit of 166515607?
1
What is the hundred thousands digit of 492166583?
1
What is the hundreds digit of 76901656?
6
What is the hundreds digit of 1049400197?
1
What is the hundred millions digit of 337162587?
3
What is the hundreds digit of 126016285?
2
What is the units digit of 98682358?
8
What is the units digit of 1968537723?
3
What is the hundreds digit of 132937965?
9
What is the thousands digit of 8767023?
7
What is the hundred thousands digit of 103463110?
4
What is the units digit of 2758544926?
6
What is the billions digit of 1571978092?
1
What is the units digit of 116708004?
4
What is the millions digit of 776937245?
6
What is the ten thousands digit of 6682508?
8
What is the hundreds digit of 2104176823?
8
What is the thousands digit of 716194844?
4
What is the hundred thousands digit of 201317067?
3
What is the ten millions digit of 85244656?
8
What is the ten thousands digit of 403706535?
0
What is the units digit of 602343185?
5
What is the billions digit of 3600870285?
3
What is the hundred thousands digit of 27782029?
7
What is the hundred thousands digit of 2478766576?
7
What is the thousands digit of 455757404?
7
What is the tens digit of 491284594?
9
What is the tens digit of 52591578?
7
What is the hundreds digit of 187480481?
4
What is the hundred thousands digit of 6691420794?
4
What is the units digit of 1302270210?
0
What is the ten thousands digit of 2093094645?
9
What is the hundreds digit of 778176277?
2
What is the hundred millions digit of 3664777095?
6
What is the units digit of 26698303?
3
What is the thousands digit of 750020313?
0
What is the hundred millions digit of 130853185?
1
What is the hundred thousands digit of 540520410?
5
What is the units digit of 42149755?
5
What is the units digit of 3496158060?
0
What is the ten millions digit of 44038047?
4
What is the thousands digit of 21747223?
7
What is the millions digit of 1790142?
1
What is the hundred thousands digit of 990592?
9
What is the millions digit of 10325746?
0
What is the tens digit of 88425194?
9
What is the millions digit of 24500327?
4
What is the hundred millions digit of 1796428225?
7
What is the hundred thousands digit of 652599050?
5
What is the hundred millions digit of 399950825?
3
What is the hundreds digit of 145622184?
1
What is the hundreds digit of 3587600518?
5
What is the ten thousands digit of 1432913731?
1
What is the hundred thousands digit of 2963885982?
8
What is the ten thousands digit of 41750221?
5
What is the tens digit of 16460810?
1
What is the billions digit of 1310468078?
1
What is the tens digit of 287076452?
5
What is the hundred millions digit of 3674317386?
6
What is the ten thousands digit of 579791057?
9
What is the tens digit of 19708194?
9
What is the hundred thousands digit of 88872104?
8
What is the millions digit of 208221092?
8
What is the thousands digit of 27993186?
3
What is the hundreds digit of 4998154609?
6
What is the hundreds digit of 2067675221?
2
What is the ten thousands digit of 138499513?
9
What is the billions digit of 4479012221?
4
What is the units digit of 33014327?
7
What is the tens digit of 113002853?
5
What is the tens digit of 561924009?
0
What is the ten millions digit of 3150050047?
5
What is the units digit of 32302052?
2
What is the units digit of 111917938?
8
What is the hundred millions digit of 652881529?
6
What is the tens digit of 5044346746?
4
What is the millions digit of 19524844?
9
What is the units digit of 28999140?
0
What is the hundred thousands digit of 1799993?
7
What is the ten thousands digit of 275687248?
8
What is the millions digit of 27507067?
7
What is the ten millions digit of 168972085?
6
What is the thousands digit of 4678279835?
9
What is the thousands digit of 538858155?
8
What is the units digit of 139259605?
5
What is the thousands digit of 267419397?
9
What is the tens digit of 38190729?
2
What is the ten millions digit of 127025738?
2
What is the thousands digit of 594194485?
4
What is the units digit of 58108898?
8
What is the ten millions digit of 1326622038?
2
What is the thousands digit of 91659987?
9
What is the hundreds digit of 105227495?
4
What is the units digit of 216734213?
3
What is the ten thousands digit of 271591397?
9
What is the ten thousands digit of 16314025?
1
What is the thousands digit of 116127237?
7
What is the ten millions digit of 512492493?
1
What is the ten millions digit of 35466488?
3
What is the hundred millions digit of 1137449919?
1
What is the thousands digit of 4491930085?
0
What is the ten millions digit of 1881861542?
8
What is the hundred millions digit of 888823635?
8
What is the thousands digit of 844141178?
1
What is the ten thousands digit of 1381039?
8
What is the hundred millions digit of 2314547288?
3
What is the hundred thousands digit of 1995864364?
8
What is the tens digit of 1193978155?
5
What is the hundred millions digit of 147016567?
1
What is the tens digit of 1370256414?
1
What is the units digit of 1063716255?
5
What is the thousands digit of 242189218?
9
What is the hundreds digit of 36539511?
5
What is the millions digit of 572899914?
2
What is the hundred thousands digit of 910945067?
9
What is the tens digit of 3969034418?
1
What is the thousands digit of 53132164?
2
What is the tens digit of 152960828?
2
What is the millions digit of 5226118813?
6
What is the units digit of 8054772?
2
What is the millions digit of 36050288?
6
What is the hundred millions digit of 1576717748?
5
What is the millions digit of 1477791771?
7
What is the tens digit of 628638994?
9
What is the hundred thousands digit of 11279158?
2
What is the millions digit of 167701724?
7
What is the ten millions digit of 258814188?
5
What is the millions digit of 2030829094?
0
What is the hundred thousands digit of 1388565845?
5
What is the tens digit of 183321075?
7
What is the hundred millions digit of 145682383?
1
What is the tens digit of 4717623366?
6
What is the ten millions digit of 529788537?
2
What is the hundred thousands digit of 1099894265?
8
What is the millions digit of 22413137?
2
What is the tens digit of 25717321?
2
What is the millions digit of 133688980?
3
What is the millions digit of 278586033?
8
What is the hundred thousands digit of 731260190?
2
What is the hundreds digit of 166519108?
1
What is the units digit of 97963408?
8
What is the tens digit of 179810496?
9
What is the hundreds digit of 48328326?
3
What is the millions digit of 113062714?
3
What is the hundred thousands digit of 7927798823?
7
What is the hundreds digit of 3996635?
6
What is the hundreds digit of 267226685?
6
What is the thousands digit of 334682309?
2
What is the tens digit of 19501271?
7
What is the ten millions digit of 41175329?
4
What is the hundred thousands digit of 214673541?
6
What is the millions digit of 153114328?
3
What is the thousands digit of 47817584?
7
What is the thousands digit of 5613321595?
1
What is the millions digit of 1079216092?
9
What is the hundreds digit of 328059696?
6
What is the hundred thousands digit of 58798283?
7
What is the millions digit of 16520993?
6
What is the units digit of 2090518502?
2
What is the units digit of 429348557?
7
What is the units digit of 1889642345?
5
What is the hundreds digit of 605370336?
3
What is the millions digit of 42577106?
2
What is the hundreds digit of 73160429?
4
What is the tens digit of 21334185?
8
What is the ten thousands digit of 50929571?
2
What is the thousands digit of 83337404?
7
What is the hundred millions digit of 6445210547?
4
What is the hundred millions digit o